is the highest common factor of l and 128?
8
Let u(m) = -478*m + 2404. Let q be u(5). Calculate the greatest common factor of 2072 and q.
14
Let x = -927 + 1777. Let l = 596 - x. Let d = 419 + l. What is the highest common divisor of d and 15?
15
Let r(s) = 103*s - 521. Let z be r(6). Calculate the greatest common factor of 8730 and z.
97
Suppose -2*g - 8 = -36. Let q be (-4)/g - 2784/(-42). Suppose 3*d = 5*i - q, 4*d + 42 = 4*i - 14. What is the highest common divisor of i and 30?
6
Suppose -117*l + 24893 = 2780. Calculate the highest common factor of 1848 and l.
21
Suppose 4*f - 133*b + 135*b = 62, -4*f + 2*b + 34 = 0. Calculate the highest common divisor of f and 652.
4
Suppose 4*o + 16 = 8*o, -3*j = -5*o + 2618. Let y = -751 - j. What is the greatest common divisor of 5 and y?
5
Let d(n) = n**2 + 74*n - 818. Let q be d(11). Calculate the highest common factor of q and 17433.
117
Let s = 955 - 575. What is the highest common divisor of 1045 and s?
95
Let p be (-1 - -10)*(-25 - (-4 + 0)). Let x = p + 369. Calculate the highest common factor of x and 50.
10
Suppose 71*g = 2*o + 70*g - 4971, 5*g - 5 = 0. Calculate the greatest common factor of 22 and o.
22
Let x(u) = 55*u - 5. Let w be x(2). Suppose 4*l = -l + w. Let m = -1589 - -1610. Calculate the highest common factor of l and m.
21
Suppose -60 = 3*x - 27 - 30. Let z(c) = 2*c + c + 3 + 34*c**2 - 1. Let m be z(x). Calculate the highest common divisor of 11 and m.
11
Suppose 0 = -57*a - 260 + 944. Suppose -21 = 5*r - 3*h + 33, -3*h + 18 = -r. Let l be (-3)/(r/a) + 146. Calculate the highest common factor of l and 30.
30
Suppose 2*p = -6, -2*p + 3 = 3*z + p. Suppose z*t = 7*o - 9*o + 934, 4*t = 4*o - 1904. Calculate the greatest common divisor of o and 43.
43
Let k = -851 + 995. Suppose 13*u - 9*u = 64. Calculate the highest common factor of u and k.
16
Let z be (-682)/(-3) + (-1057)/453. Calculate the highest common factor of 720 and z.
45
Let d be 2324*1 + (-9)/(-27)*3 + -4. What is the greatest common divisor of 11 and d?
11
Let n be -3 - (3 - 17) - -3162. What is the greatest common divisor of n and 76?
19
Suppose -60*h + 11*h - 15*h + 1152 = 0. Calculate the greatest common factor of 6894 and h.
18
Suppose -g + 3*h + 3962 = 0, -5*h - 3216 = -2*g + 4709. Calculate the greatest common factor of g and 65.
65
Let f be 6/(28/(-3) + 10). Let v = -89 - -170. What is the greatest common divisor of v and f?
9
Suppose -4*b + c + 806 = -201, 0 = b - 5*c - 247. Let n be -7*12/(-168) + 110/4. What is the highest common factor of b and n?
28
Let l be (86 - 90)*(6 - 17). Suppose -2*x - 16 = -6*x. Calculate the greatest common divisor of l and x.
4
Suppose -487*q + 83638 = -425*q. Calculate the highest common factor of q and 95.
19
Suppose -36 = -7*q + 55. Let f = 1392 + -1288. Calculate the highest common divisor of q and f.
13
Suppose -197*a - 48260 = -216*a. What is the highest common factor of 381 and a?
127
Let y(q) be the third derivative of -q**5/15 - q**4/6 - 15*q**2. Let o be y(2). Let g be (0 - -2)*-6*o/9. What is the highest common factor of g and 256?
32
Let c(o) = 6*o**2 - 112*o - 8. Let a(h) = -5*h**2 + 112*h + 7. Let d(q) = 3*a(q) + 2*c(q). Let x be d(37). What is the greatest common divisor of x and 168?
42
Let f be 2 - 1 - (-61)/(1037/1836). What is the highest common factor of 13952 and f?
109
Let o = 24 + -78. Let d be (-711)/o - 25/(-30). What is the greatest common divisor of d and 77?
7
Suppose -5*w + 466*y + 15814 = 470*y, -3*w = -5*y - 9481. What is the greatest common divisor of 93 and w?
93
Let i(d) = -d**3 - 4*d**2 + 2*d - 15. Let o be i(-5). Suppose x - 3*x = 10, -4*u + 4*x + 536 = o. Calculate the highest common divisor of 3 and u.
3
Let m be (-102)/(-36) - 3 - 2/(-12). Let h be -2 + (-20 + m)/((-4)/10). Let c = -46 + h. What is the greatest common divisor of c and 1?
1
Let a(h) = -h**2 - 5*h - 4. Let s be a(-2). Suppose 111 = -j - s*j - 3*v, 0 = j - v + 29. Let k = -17 - j. Calculate the highest common divisor of 144 and k.
16
Let w = 5012 + -4535. What is the highest common factor of w and 117?
9
Let w = 22139 - 21810. Let v(b) = -93*b**3 + 2*b**2 + 2*b + 1. Let z be v(-1). What is the highest common divisor of z and w?
47
Let u be 431 - (-19)/(190/(-40)) - 7. What is the greatest common divisor of 630 and u?
210
Suppose 1 = -f + 2*l, 4*f - 2*l + 6 = 14. Calculate the highest common divisor of 24 and f.
3
Let u be 47 + -1 - (-102 - -102). Suppose -3*d - t = -d + 76, 0 = 2*d + 3*t + 80. Let r = d + u. Calculate the highest common divisor of r and 99.
9
Let i = -540 + 1120. Let y = i + -460. What is the greatest common divisor of y and 24?
24
Let v(p) = -5*p**3 - 30*p**2 - 5*p - 18. Let b be v(-6). Calculate the highest common divisor of b and 69.
3
Suppose -6*z - 6*z + 14*z = 10126. Calculate the greatest common factor of z and 122.
61
Let o be ((-24)/20)/(2 - (-2298)/(-1140)). What is the greatest common divisor of 3192 and o?
76
Suppose 100 = -2*k + 6*k - 5*n, -2*n + 128 = 4*k. Let r(i) = 57*i + 6. Let g be r(2). Calculate the highest common divisor of k and g.
30
Suppose 0 = 51*i - 45*i - 1104. Suppose 2*w = 4*m + 24, 3*w = 2*m + 9 + 35. What is the greatest common factor of w and i?
8
Let z = 435 + -115. Let t = -202057 - -202097. What is the highest common divisor of z and t?
40
Let w(s) = 2*s**3 - 16*s**2 + 51*s - 528. Let x be w(14). Calculate the highest common factor of x and 188.
94
Let x(q) = -8*q - 96. Let b(t) = t**2 + 11*t - 22. Let z be b(0). Let w be x(z). Let h = -295 - -415. Calculate the greatest common divisor of h and w.
40
Let r be ((-4185)/(-124))/(3/8). Let z = 101 - r. What is the highest common divisor of z and 132?
11
Let w = 8155 + -4521. Calculate the highest common factor of w and 1106.
158
Suppose 0 = 23*n + 159 + 145 - 14288. Calculate the highest common divisor of 1976 and n.
152
Let b be (-16)/40 - (-587)/5. Suppose -4*x + 12 = -0*x - 5*d, 5*d = 5*x - 15. Let a be (-4 + x)/((-1)/13). Calculate the highest common factor of b and a.
13
Let r(x) = 571*x**2 + 2792*x - 11. Let k be r(-5). Suppose -4*a + 328 + 52 = 0. Calculate the greatest common factor of a and k.
19
Suppose -x = -6*x + 30. Suppose -x*n + 3*n = -912. Suppose 0 = -3*j - 5*c + 89, -81 = 13*j - 15*j + c. What is the highest common divisor of n and j?
38
Let c be 1568/48*9/6. Calculate the highest common factor of c and 203.
7
Let y be (4/(-14) - -2)/(14/392). Let u be 2 + -9 + 4 + y. What is the highest common factor of u and 195?
15
Let j(z) = -4*z - 10. Let g be j(-6). Let r(q) = -85*q - 788. Let u be r(-18). Calculate the highest common divisor of g and u.
14
Let k = -271002 + 271026. Let a = 9 + -4. Let x be 4/10 + 1318/a. Calculate the greatest common factor of x and k.
24
Suppose 0 = 2*i - 4*i + 492. Suppose -5406 = -252*b + i*b. What is the greatest common factor of b and 17?
17
Let k = 12269 + -12255. Calculate the greatest common factor of 3367 and k.
7
Suppose -y - 2*o = -142, -435 = -3*y - 0*y + 3*o. Suppose 0 = 6*h + 157 - 727. Suppose -h = -9*c + 67. Calculate the highest common divisor of y and c.
18
Suppose -l = -2*l + 95. Suppose 0 = 13*d + 237 - 189 - 178. Calculate the greatest common factor of d and l.
5
Let z = -138 + 291. Let c = -135 + z. Calculate the highest common divisor of c and 396.
18
Suppose -6*o - 21 = -123. What is the greatest common factor of o and 8891?
17
Let n = 2955 - 2952. Calculate the greatest common divisor of 20 and n.
1
Let f(q) = 29*q**3 + 11*q**2 - 67*q - 5. Let s be f(5). Calculate the greatest common divisor of 120 and s.
40
Let l = -51 - -51. Let m be (1*-3)/((-135)/720). Suppose -m*r + 1049 + 1511 = l. What is the highest common divisor of r and 10?
10
Let p = 21066 - 14670. What is the highest common factor of 123 and p?
123
Let m = -380 + 635. Let c = m - 254. Let l = -8 - -13. Calculate the greatest common divisor of l and c.
1
Let u(i) = -62*i + 2. Let r be u(-4). Let z = 18114 - 18014. Calculate the greatest common divisor of r and z.
50
Let r(m) = m**2 - 64*m + 674. Let z be r(64). Calculate the greatest common factor of z and 10.
2
Let z be 0/(-2) - (-1 + -89). Suppose q + q - z = 0. Let u(w) = 134*w - 177. Let n be u(3). What is the greatest common factor of n and q?
45
Suppose 2*n - 22 = 16. Suppose -7*o + n = -107. Su